se 8*u = 210 + 2006. Suppose 3*i = -2*j + u, -3*i + 242 = -4*j - j. What is the tens digit of i?
8
Suppose 2*g - 45 = -3*g. Suppose 3*b = i - g, -5*i = -2*i + 3*b + 9. Suppose 4*m - 22 - 22 = i. What is the units digit of m?
1
Let m(c) = 5*c**3 - c + 1. Let s be m(1). Let w = -77 + 149. Suppose 0 = -s*y + 3*y + w. What is the tens digit of y?
3
Let n(f) = 3*f + 58. Let j be n(-17). What is the tens digit of 811/j + (-5)/(-35)?
1
Suppose n = 2*d - d + 2, 2*d = n. Let p be 6/2 + (1 - d). Suppose -2*a + 0 + 40 = 2*b, 4*a - 44 = -p*b. What is the units digit of b?
8
Let t = -58 - -65. Let z(j) = 6*j - 23. What is the units digit of z(t)?
9
Let c = 15 + -4. Let q(v) = v + 13. What is the tens digit of q(c)?
2
Let r = 2534 + -1302. What is the units digit of r?
2
Suppose -5*h = 2*n - 975, 3*h = -3*n - 2*h + 1475. What is the tens digit of n?
0
Let b be (0/(-3) - 2) + 23. Suppose j + 13 = 2*a, -2*j - b + 10 = a. Let y(v) = v**3 + 7*v**2 - 3*v - 3. What is the tens digit of y(j)?
1
Let w(t) = t**2 + 16*t + 25. Let r be w(-11). What is the tens digit of (90/(-54))/(2/r)?
2
Let k be (9/6 - 1)/((-1)/24). Suppose -1 - 30 = -d. Let j = k + d. What is the tens digit of j?
1
Suppose 24*k + 15 = 29*k. Suppose k*h + 142 = 2*x, 0*x + 73 = x - h. What is the tens digit of x?
7
What is the thousands digit of 1/(-4) - (299880/32)/(-9)?
1
Suppose -672 = -14*o + 2226. What is the tens digit of o?
0
Let z(p) = p**3 - p**2 + p + 59. Let r(d) = d**3 - 5*d**2 - 6*d. Let f be r(6). What is the units digit of z(f)?
9
Suppose 1 = -j, -4 = 5*r + 3*j - 16. Suppose r*a = a + 8, 0 = -5*k - 3*a + 297. What is the units digit of k?
7
Let p(h) = -h**3 + 28*h**2 + 74*h + 23. What is the tens digit of p(30)?
4
What is the hundreds digit of 2694/9 + -1 + (-16)/(-24)?
2
Let c = 165 + -15. Suppose 4*f = -5*h + 313, 3*h + f = c + 35. What is the tens digit of h?
6
Let f(w) = -6*w**2 - 17*w - 11. Let z(o) = -5*o**2 - 16*o - 11. Let b(g) = -4*f(g) + 5*z(g). Let d = -5 - 3. What is the tens digit of b(d)?
2
Let x(n) = 80*n**2 + n. Let o = 40 - 39. What is the units digit of x(o)?
1
Let w = 13 + -15. Let q be (-158)/w + 2 + -1. Let z = -44 + q. What is the tens digit of z?
3
Let h = -1254 - -1803. What is the units digit of h?
9
What is the units digit of (3 - 3870/(-5)) + 0?
7
Suppose -2*n + 3*n = -2. Let a be (-4)/(-18) + n/9. Suppose a = 3*s - 0*s - 60. What is the tens digit of s?
2
Suppose -3*v + 47*o + 6880 = 45*o, 0 = 5*o + 25. What is the tens digit of v?
9
Suppose 0 = 14*z - 16260 - 15058. What is the thousands digit of z?
2
Let f(z) = -z**3 + 13*z**2 + 17*z + 55. What is the tens digit of f(13)?
7
Let h be 4/8*-4 + 4. Suppose -3*d + h*n = -2*n + 203, -5*n + 53 = -d. Let t = -34 - d. What is the units digit of t?
9
Let v(c) = -c**3 - 2*c**2 - 2*c - 7. What is the tens digit of v(-6)?
4
Let p(f) = f**3 + 8*f**2 + 10*f + 7. Let q be p(-6). Suppose -2*d - 5*l - q + 177 = 0, 4*d + l = 316. What is the tens digit of d?
7
Let x = 6 + 8. Suppose 2*v + x = -4*n, -3*n - 21 = -0*v + 5*v. Let m(c) = 4*c**2 + 2*c + 2. What is the tens digit of m(v)?
3
Let n(i) be the third derivative of i**6/120 - i**5/10 + i**4/12 + 11*i**3/6 - 2*i**2. Let q be n(5). What is the units digit of 39 + (-9)/12*q?
2
Let z(q) = -20*q**2 - 8*q - 20. Let x(y) = 8*y**2 + 3*y + 8. Let c(v) = -12*x(v) - 5*z(v). Let n be c(-3). Suppose -117 = -5*i + n. What is the tens digit of i?
2
Let s = 12 + -10. Suppose 0 = -s*f + 2. Let i = 27 - f. What is the units digit of i?
6
Suppose -y = s - 38, -3*s + 126 = -0*y - 3*y. Let c(f) = -f + 12. Let g be c(9). Suppose -g*p + 8 = -s. What is the units digit of p?
6
Let c = -6 + 9. Let h be -3 - (-2 - (c - -181)). Let z = h + -101. What is the units digit of z?
2
Let z = 9182 - 6211. What is the thousands digit of z?
2
Suppose -5545 - 69 = -14*g. What is the units digit of g?
1
Let q(k) = 122*k**2 + 312*k - 1. What is the hundreds digit of q(-5)?
4
Suppose -5*q + 30 = -2*g - 2*g, -4*q - g + 3 = 0. Suppose -33 = i - 19. What is the units digit of q*i/16*-12?
1
Suppose 0 = -4*a + u - 53, -u = -a - 0*u - 14. Let t = 13 + a. Suppose -3*s + t = -4*c - 28, 38 = 3*s + c. What is the units digit of s?
2
Let s = -135 + 1532. What is the tens digit of s?
9
Suppose 0 = 5*k - 5072 + 727. What is the tens digit of k?
6
Suppose 0 = -20*g + 14*g + 804. Suppose -3*j + 5*p + 173 = 0, -p = 4*j - g - 135. What is the units digit of j?
6
Let w(v) = v**2 - 7*v - 15. Let n be w(10). Suppose -95 = -2*r + n. What is the units digit of r?
5
Suppose -5*y + 32 + 33 = -5*a, 3*a = 2*y - 35. What is the units digit of (-741)/(a/3)*(-3 + 4)?
7
Suppose 0 = -4*g - 5*a + 1241, -5*g + 2*a = -444 - 1066. What is the hundreds digit of g?
3
Suppose -954 = l - z - 4467, 3*z = 5*l - 17563. Let o be 24/84 + l/7. What is the tens digit of 2/11 - o/(-22)?
2
Suppose 0 = -5*o, 0 = -3*x - o + 5*o + 135. What is the tens digit of x?
4
Let o(l) = 13*l - 1. Let t be o(-1). Let v = t + 16. Suppose -v*g + 2*h + 18 = -h, 4*g + 2*h - 52 = 0. What is the tens digit of g?
1
Suppose 0 = -4*i - i. Suppose 3*g + 2*s - 223 = i, 4*g - 3*s - 213 = g. What is the units digit of g?
3
Let h(t) = t + 7. Let q(y) = -y - 8. Let p(o) = -5*h(o) - 4*q(o). Let n be p(-3). Let x(u) = 2*u**2 + 4. What is the units digit of x(n)?
4
Suppose 0*t = -4*t + 24. Suppose -2*c - t*c + 1216 = 0. What is the tens digit of c?
5
What is the tens digit of (2486/(-33))/(((-20)/375)/2)?
2
Let x(c) = 2*c + 39. Let q be 0/(3/1 + -1). Let u be x(q). Suppose 2*a - 13 = a - y, 3*a - y = u. What is the units digit of a?
3
Let k = -23 - -10. Let g = k - -17. What is the tens digit of (-16)/20*(-130)/g?
2
Let a = 891 - -684. What is the hundreds digit of a?
5
Let a = 145 + 563. What is the tens digit of a?
0
What is the hundreds digit of (-2)/(2/(-7)) - (-41216)/23?
7
Let j be (-35)/(-3) + (-3)/(-9). Suppose 4*c = -7*n + 3*n + j, -c + 9 = -5*n. What is the tens digit of 21/(c/(-16) + 1)?
2
Let f = -1183 + 1797. What is the hundreds digit of f?
6
Suppose -4*a + 5*a + 32 = 0. Let j = 4 - a. What is the tens digit of j?
3
Suppose 3*h - 3912 = -3*m, 4*h + 1283 - 6511 = 2*m. Let i be h/14 + 2/(-7). Suppose -s + i = 2*s. What is the units digit of s?
1
Let p = -7 - -18. Suppose 0 = -3*b + 4*y - 7, -48 = 5*b - y - 8. Let t = p + b. What is the units digit of t?
2
Suppose -7*l + 2*l - 45 = 0. Let a(v) = v**2 + 8*v - 4. Let n be a(l). Suppose 5*j + 19 + 7 = c, 0 = -4*c - n*j - 21. What is the units digit of c?
1
Suppose -3*z + 14 = 2. Suppose -3*j + n + z = -6*j, -4*n - 4 = 0. What is the units digit of -1*(-1 - (-1 - j))?
1
Suppose 6*u - 295 = -25. Suppose 0 = -3*p - 132 - u. Let q = p - -109. What is the units digit of q?
0
Let t be -2*9/6*210. What is the units digit of (t/(-28))/((-1)/(-2))?
5
Let v be 10*(4 - (-90)/(-25)). Suppose 5*x - v*n + 0*n = 418, -5*x + 415 = -5*n. What is the tens digit of x?
8
Suppose 6*m - 100 = m - s, 100 = 5*m + 2*s. What is the tens digit of 15/m + (-1026)/(-8)?
2
Let f = 19 + -19. Suppose 2*v - 4 - 2 = f. Suppose 72 = v*x - 30. What is the units digit of x?
4
Let m be (1/(-2))/((-2)/(-16)). Let f(i) = 2. Let x(y) = y + 2. Let v(c) = m*f(c) + 6*x(c). What is the tens digit of v(4)?
2
Suppose u + 2624 = 3*u. Suppose -a + 4*w + 328 = 0, 0 = 4*a + 4*w - 5*w - u. What is the tens digit of a?
2
Suppose -5*p + 22006 = -2*f, 49*p + 13200 = 52*p - 3*f. What is the hundreds digit of p?
4
Suppose 16 + 34 = -5*u. Let r = 35 + u. What is the units digit of r?
5
Let o(u) = -u + 2. Let m be o(0). Let j(t) = t + 2. Let p be j(7). Suppose p = -m*c + 5*c. What is the units digit of c?
3
Let n be (-1)/(-2)*0*1. Suppose -4*r - 3*z + 6 = n, 0*r = -2*r - 3*z. Suppose b - r*b + 38 = 0. What is the tens digit of b?
1
What is the hundreds digit of (4 - 10)*(-19628)/21?
6
Let u(o) = o**3 + 5*o**2 + 5*o + 5. Suppose 4*w = -5*s + s - 16, 0 = -5*w. Let z be u(s). Let c(a) = a**3 + a**2 - 1. What is the units digit of c(z)?
1
Let d be -9*2/(-6) + 25. Let y = -15 + d. What is the units digit of y?
3
Suppose 9936 + 11283 = 11*d. What is the units digit of d?
9
Let k(n) = -n**3 - 13*n**2 - 5*n - 16. Let x be 0/(((-12)/(-3))/4). Suppose x = -o - 2*o - 39. What is the units digit of k(o)?
9
Let s = -14 + 38. Suppose -b - 27 + s = 0. What is the tens digit of 65/(4 + b) - 3?
6
Let h